{"id":7,"date":"2016-08-28T14:15:48","date_gmt":"2016-08-28T14:15:48","guid":{"rendered":"http:\/\/egonka.hu\/hetimenu\/?page_id=7"},"modified":"2025-09-05T08:05:16","modified_gmt":"2025-09-05T08:05:16","slug":"hol-menuzzek-zalaegerszegen","status":"publish","type":"page","link":"https:\/\/egonka.hu\/hetimenu\/","title":{"rendered":"Hol men\u00fczzek Zalaegerszegen?"},"content":{"rendered":"<p>A k\u00f6nnyebb v\u00e1laszt\u00e1st el\u0151seg\u00edtend\u0151 j\u00f6tt l\u00e9tre ez a szekci\u00f3 az egonka.hu-n.<br \/>\nAz itt k\u00f6z\u00f6lt adatok az \u00e9ttermek hivatalos oldalair\u00f3l sz\u00e1rmaznak \u00e9s automatikusan friss\u00fclnek.<br \/>\nA felsorolt vend\u00e9gl\u00e1t\u00f3 egys\u00e9gek neveire kattintva el\u00e9rhet\u0151 a heti men\u00fcv\u00e1laszt\u00e9kuk.<\/p>\n<ul>\n<li class=\"page_item page-item-210\"><a href=\"https:\/\/egonka.hu\/hetimenu\/arany-barany-sorozo\/\">Arany B\u00e1r\u00e1ny S\u00f6r\u00f6z\u0151<\/a><\/li>\n<li class=\"page_item page-item-189\"><a href=\"https:\/\/egonka.hu\/hetimenu\/belga-sorozo-es-etterem\/\">Belga S\u00f6r\u00f6z\u0151 \u00e9s \u00c9tterem<\/a><\/li>\n<li class=\"page_item page-item-189\"><a href=\"https:\/\/egonka.hu\/hetimenu\/csipet-menu-pasta\/\">Csipet Men\u00fc &amp; Pasta<\/a><\/li>\n<li class=\"page_item page-item-181\"><a href=\"https:\/\/egonka.hu\/hetimenu\/erdogyongye-etterem\/\">Erd\u0151gy\u00f6ngye \u00c9tterem<\/a><\/li>\n<li class=\"page_item page-item-98\"><a href=\"https:\/\/egonka.hu\/hetimenu\/galeri-etterem\/\">Galeri \u00c9tterem<\/a><\/li>\n<li class=\"page_item page-item-242\"><a href=\"https:\/\/egonka.hu\/hetimenu\/gocsej-palatinus-etterem\/\">G\u00f6csej Palatinus \u00c9tterem<\/a><\/li>\n<li class=\"page_item page-item-249\"><a href=\"https:\/\/egonka.hu\/hetimenu\/harom-kivansag-etterem\/\">H\u00e1rom K\u00edv\u00e1ns\u00e1g \u00c9tterem<\/a><\/li>\n<li class=\"page_item page-item-247\"><a href=\"https:\/\/egonka.hu\/hetimenu\/hegyalja-csarda\/\">Hegyalja Cs\u00e1rda<\/a><\/li>\n<li class=\"page_item page-item-195\"><a href=\"https:\/\/egonka.hu\/hetimenu\/kaviar-etterem\/\">Kavi\u00e1r \u00c9tterem<\/a><\/li>\n<li class=\"page_item page-item-561\"><a href=\"https:\/\/egonka.hu\/hetimenu\/kekfeny-etterem\/\">K\u00e9kf\u00e9ny \u00c9tterem<\/a><\/li>\n<li class=\"page_item page-item-177\"><a href=\"https:\/\/egonka.hu\/hetimenu\/kiskakas-vendeglo\/\">Kiskakas Vend\u00e9gl\u0151<\/a><\/li>\n<li class=\"page_item page-item-494\"><a href=\"https:\/\/egonka.hu\/hetimenu\/napfeny-etterem\/\">Napf\u00e9ny \u00c9tterem<\/a><\/li>\n<li class=\"page_item page-item-138\"><a href=\"https:\/\/egonka.hu\/hetimenu\/oconnors-pub\/\">O\u2019Connors Pub<\/a><\/li>\n<li id=\"menu-item-438\" class=\"menu-item menu-item-type-post_type menu-item-object-page menu-item-438\"><a href=\"https:\/\/egonka.hu\/hetimenu\/otthonka-bistro\/\">Otthonka Bistro<\/a><\/li>\n<li class=\"page_item page-item-10\"><a href=\"https:\/\/egonka.hu\/hetimenu\/paradicsom-etterem\/\">Paradicsom \u00c9tterem<\/a><\/li>\n<li class=\"page_item page-item-278\"><a href=\"https:\/\/egonka.hu\/hetimenu\/pedro-etterem\/\">Pedro \u00c9tterem<\/a><\/li>\n<li class=\"page_item page-item-172\"><a href=\"https:\/\/egonka.hu\/hetimenu\/pipacs-etterem\/\">Pipacs \u00c9tterem<\/a><\/li>\n<li class=\"page_item page-item-151\"><a href=\"https:\/\/egonka.hu\/hetimenu\/pitvar-vendeglo\/\">Pitvar Vend\u00e9gl\u0151<\/a><\/li>\n<li class=\"page_item page-item-193\"><a href=\"https:\/\/egonka.hu\/hetimenu\/reininghaus-etterem\/\">Reininghaus \u00c9tterem<\/a><\/li>\n<li class=\"page_item page-item-185\"><a href=\"https:\/\/egonka.hu\/hetimenu\/repeta-menubar\/\">Repeta Men\u00fcb\u00e1r<\/a><\/li>\n<li class=\"page_item page-item-228\"><a href=\"https:\/\/egonka.hu\/hetimenu\/toka-vendeglo\/\">T\u00f3ka Vend\u00e9gl\u0151<\/a><\/li>\n<li class=\"page_item page-item-15\"><a href=\"https:\/\/egonka.hu\/hetimenu\/vendiofa-etterem\/\">V\u00e9ndi\u00f3fa \u00c9tterem<\/a><\/li>\n<li class=\"page_item page-item-50\"><a href=\"https:\/\/egonka.hu\/hetimenu\/yankee-sorozo-pizzeria\/\">Yankee Best Food &amp; Men\u00fc<\/a><\/li>\n<\/ul>\n<h4>Majdnem Zalaegerszeg<\/h4>\n<ul>\n<li id=\"menu-item-423\" class=\"menu-item menu-item-type-post_type menu-item-object-page menu-item-423\"><a href=\"https:\/\/egonka.hu\/hetimenu\/venusz-vendeglo\/\">V\u00e9nusz Vend\u00e9gl\u0151, Bagod<\/a><\/li>\n<\/ul>\n<blockquote><p>Az oldal k\u00e9sz\u00fcltekor a hi\u00e1nyz\u00f3 \u00e9ttermeknek nem tal\u00e1ltam olyan online fel\u00fclet\u00e9t, ahol a heti men\u00fc k\u00edn\u00e1latuk egyszer\u0171en el\u00e9rhet\u0151ek \u00e9s megjelen\u00edthet\u0151ek lenn\u00e9nek. Amennyiben ig\u00e9nylik, \u00f6r\u00f6mmel l\u00e9trehozok egy-egy k\u00fcl\u00f6n aloldalt a kimaradt vend\u00e9gl\u00e1t\u00f3helyeknek, melyre k\u00f6nnyed\u00e9n felt\u00f6lthetik aktu\u00e1lis aj\u00e1nlataikat.<br \/>\n\u00dcdv.:<br \/>\n<a href=\"https:\/\/www.facebook.com\/egonka.hu\/\" target=\"_blank\" rel=\"noopener noreferrer\">Egonka<\/a><\/p><\/blockquote>\n","protected":false},"excerpt":{"rendered":"<p>A k\u00f6nnyebb v\u00e1laszt\u00e1st el\u0151seg\u00edtend\u0151 j\u00f6tt l\u00e9tre ez a szekci\u00f3 az egonka.hu-n. Az itt k\u00f6z\u00f6lt adatok az \u00e9ttermek hivatalos oldalair\u00f3l sz\u00e1rmaznak \u00e9s automatikusan friss\u00fclnek. A felsorolt vend\u00e9gl\u00e1t\u00f3 egys\u00e9gek neveire kattintva el\u00e9rhet\u0151 a heti men\u00fcv\u00e1laszt\u00e9kuk. Arany B\u00e1r\u00e1ny S\u00f6r\u00f6z\u0151 Belga S\u00f6r\u00f6z\u0151 \u00e9s \u00c9tterem Csipet Men\u00fc &amp; Pasta Erd\u0151gy\u00f6ngye \u00c9tterem Galeri \u00c9tterem G\u00f6csej Palatinus \u00c9tterem H\u00e1rom K\u00edv\u00e1ns\u00e1g \u00c9tterem Hegyalja &hellip; <a href=\"https:\/\/egonka.hu\/hetimenu\/\" class=\"more-link\"><span class=\"screen-reader-text\">Hol men\u00fczzek Zalaegerszegen?<\/span> r\u00e9szletei&#8230;<\/a><\/p>\n","protected":false},"author":1,"featured_media":8,"parent":0,"menu_order":0,"comment_status":"closed","ping_status":"closed","template":"","meta":{"footnotes":""},"class_list":["post-7","page","type-page","status-publish","has-post-thumbnail","hentry"],"_links":{"self":[{"href":"https:\/\/egonka.hu\/hetimenu\/wp-json\/wp\/v2\/pages\/7","targetHints":{"allow":["GET"]}}],"collection":[{"href":"https:\/\/egonka.hu\/hetimenu\/wp-json\/wp\/v2\/pages"}],"about":[{"href":"https:\/\/egonka.hu\/hetimenu\/wp-json\/wp\/v2\/types\/page"}],"author":[{"embeddable":true,"href":"https:\/\/egonka.hu\/hetimenu\/wp-json\/wp\/v2\/users\/1"}],"replies":[{"embeddable":true,"href":"https:\/\/egonka.hu\/hetimenu\/wp-json\/wp\/v2\/comments?post=7"}],"version-history":[{"count":31,"href":"https:\/\/egonka.hu\/hetimenu\/wp-json\/wp\/v2\/pages\/7\/revisions"}],"predecessor-version":[{"id":587,"href":"https:\/\/egonka.hu\/hetimenu\/wp-json\/wp\/v2\/pages\/7\/revisions\/587"}],"wp:featuredmedia":[{"embeddable":true,"href":"https:\/\/egonka.hu\/hetimenu\/wp-json\/wp\/v2\/media\/8"}],"wp:attachment":[{"href":"https:\/\/egonka.hu\/hetimenu\/wp-json\/wp\/v2\/media?parent=7"}],"curies":[{"name":"wp","href":"https:\/\/api.w.org\/{rel}","templated":true}]}}